{"id":2,"date":"2009-12-28T19:15:30","date_gmt":"2009-12-28T16:15:30","guid":{"rendered":"http:\/\/kids.saladin-web.ch\/?page_id=2"},"modified":"2010-05-07T23:11:06","modified_gmt":"2010-05-07T22:11:06","slug":"about","status":"publish","type":"page","link":"https:\/\/kids.saladin-web.ch\/?page_id=2","title":{"rendered":"\u00fcber uns"},"content":{"rendered":"<table style=\"height: 619px;\" dir=\"ltr\" border=\"0\" cellspacing=\"0\" cellpadding=\"0\" width=\"498\">\n<tbody>\n<tr><!--msnavigation--><\/p>\n<td valign=\"top\"><!--mstheme--><\/p>\n<p style=\"text-align: center;\"><img loading=\"lazy\" decoding=\"async\" class=\"aligncenter\" style=\"border: 3px solid black;\" src=\"http:\/\/gestadeck.saladin-web.ch\/images\/jurassic5.gif\" alt=\"Schaut  nur richtig hin! Diese Homepage hat es in sich.\" width=\"115\" height=\"86\" align=\"left\" \/><\/p>\n<blockquote>\n<p style=\"text-align: center;\">\n<\/blockquote>\n<p style=\"text-align: center;\">\n<blockquote>\n<h2 style=\"text-align: center;\">&#8222;Einfach cool&#8220;, sagen auch die Grossen.<\/h2>\n<\/blockquote>\n<p style=\"text-align: center;\">\n<p style=\"text-align: center;\">\n<p style=\"text-align: center;\">\n<p style=\"text-align: center;\"><!--msthemeseparator--><\/p>\n<h2><img loading=\"lazy\" decoding=\"async\" class=\"alignleft\" style=\"border: 0pt none;\" src=\"http:\/\/gestadeck.saladin-web.ch\/images\/schweiz.gif\" border=\"0\" alt=\"\" width=\"42\" height=\"21\" \/><\/h2>\n<h2>Schulportr\u00e4t<\/h2>\n<p>Die erste Primarschule der Schweiz im Netz seit 1998. Unsere Homepage  zeigt viele Schulaktivit\u00e4ten, zwei Kunstausstellungen mit \u00fcber 200  Kinderbildern, vier Projektwochen mit \u00fcber 40 Projekten und vieles mehr. Die Kinder  arbeiteten als Reporter, stellten Witze zusammen, schrieben Projektreportagen und  Sch\u00fclerportr\u00e4ts. <a href=\"http:\/\/gestadeck.saladin-web.ch\" target=\"_blank\">Die Seite im Archiv<\/a> ist mit \u00fcber 50 MB eine wahre Fundgrube f\u00fcr Kinder, Eltern und  Lehrer.<\/p>\n<p style=\"text-align: center;\">[itk-eticker]ENIS * European Network Of Innovative Schools[\/itk-eticker]<\/p>\n<h2><img loading=\"lazy\" decoding=\"async\" src=\"http:\/\/gestadeck.saladin-web.ch\/images\/usa_fl_a1.gif\" border=\"0\" alt=\"\" width=\"30\" height=\"15\" \/> School Portrait<\/h2>\n<p>The first Swiss primary school on the Web, since 1998. Visit our Site to  learn about many of our school activities. There are two kid art galleries with over 200  works by children, multi-media reports of four project weeks with over 40 projects, and  much more! The children have worked as reporters, compiled jokes, and written  project reports as well as student portraits. Our archiv <a href=\"http:\/\/gestadeck.saladin-web.ch\" target=\"_blank\">site <\/a>has over 50  MB of treasures for children, parents, and teachers.<\/p>\n<h2><img loading=\"lazy\" decoding=\"async\" src=\"http:\/\/gestadeck.saladin-web.ch\/images\/frankreich_fl_a1.gif\" border=\"0\" alt=\"\" width=\"30\" height=\"15\" \/> Portrait de   l&#8217;\u00e9cole<\/h2>\n<p>La premi\u00e8re \u00e9cole primaire suisse sur le web, depuis 1998. Notre site  pr\u00e9sente de  nombreuses activit\u00e9s scolaires telles que deux galeries  d&#8217;art avec plus de 200  travaux d&#8217;enfants et des comptes rendus de  projets hebdomadaires, pour ne citer  que deux exemples. Les enfants  travaillent comme reporters, recueillent des  plaisanteries, r\u00e9digent  des reportages et des portraits d&#8217;\u00e9l\u00e9ves.<br \/>\nNotre site a plus de 50 MB de tr\u00e9sors pour les parents, les enfants et  les enseignants.<\/p>\n<p><strong>[si-contact-form form=&#8217;1&#8242;]<\/strong><\/p>\n<table dir=\"ltr\" border=\"0\" cellspacing=\"0\" cellpadding=\"0\" width=\"100%\">\n<tbody>\n<tr><!--msnavigation--><\/p>\n<td valign=\"top\">\n<p style=\"text-align: center;\">Adresse:<br \/>\nPrimarschule Gestadeck<br \/>\n4410 Liestal<br \/>\nSwitzerland<\/p>\n<p style=\"text-align: center;\">\n<\/td>\n<\/tr>\n<\/tbody>\n<\/table>\n<\/td>\n<\/tr>\n<\/tbody>\n<\/table>\n","protected":false},"excerpt":{"rendered":"<p>&#8222;Einfach cool&#8220;, sagen auch die Grossen. Schulportr\u00e4t Die erste Primarschule der Schweiz im Netz seit 1998. Unsere Homepage zeigt viele Schulaktivit\u00e4ten, zwei Kunstausstellungen mit \u00fcber 200 Kinderbildern, vier Projektwochen mit \u00fcber 40 Projekten und vieles mehr. Die Kinder arbeiteten als Reporter, stellten Witze zusammen, schrieben Projektreportagen und Sch\u00fclerportr\u00e4ts. Die Seite im Archiv ist mit \u00fcber [&hellip;]<\/p>\n","protected":false},"author":1,"featured_media":0,"parent":0,"menu_order":6,"comment_status":"open","ping_status":"open","template":"","meta":{"footnotes":""},"class_list":["post-2","page","type-page","status-publish","hentry"],"_links":{"self":[{"href":"https:\/\/kids.saladin-web.ch\/index.php?rest_route=\/wp\/v2\/pages\/2","targetHints":{"allow":["GET"]}}],"collection":[{"href":"https:\/\/kids.saladin-web.ch\/index.php?rest_route=\/wp\/v2\/pages"}],"about":[{"href":"https:\/\/kids.saladin-web.ch\/index.php?rest_route=\/wp\/v2\/types\/page"}],"author":[{"embeddable":true,"href":"https:\/\/kids.saladin-web.ch\/index.php?rest_route=\/wp\/v2\/users\/1"}],"replies":[{"embeddable":true,"href":"https:\/\/kids.saladin-web.ch\/index.php?rest_route=%2Fwp%2Fv2%2Fcomments&post=2"}],"version-history":[{"count":18,"href":"https:\/\/kids.saladin-web.ch\/index.php?rest_route=\/wp\/v2\/pages\/2\/revisions"}],"predecessor-version":[{"id":52,"href":"https:\/\/kids.saladin-web.ch\/index.php?rest_route=\/wp\/v2\/pages\/2\/revisions\/52"}],"wp:attachment":[{"href":"https:\/\/kids.saladin-web.ch\/index.php?rest_route=%2Fwp%2Fv2%2Fmedia&parent=2"}],"curies":[{"name":"wp","href":"https:\/\/api.w.org\/{rel}","templated":true}]}}